2332331?
12131300
In base 4, what is 11312020123 + 3112?
11312023301
In base 13, what is a9840 + -1a?
a9823
In base 13, what is 1 + b67a0b?
b67a0c
In base 3, what is 2 - -1012221122210110?
1012221122210112
In base 11, what is -10458a2 + 5?
-1045898
In base 11, what is -a7 - -139409?
139312
In base 8, what is 14 - 466?
-452
In base 11, what is 7 + -a67189a?
-a671893
In base 16, what is 3cb8229 + 5?
3cb822e
In base 2, what is -110101011000111 + -11000001111111?
-1001101101000110
In base 3, what is 10 + 1010202112102002?
1010202112102012
In base 10, what is 4 + 14256573?
14256577
In base 2, what is 1010101 - 1101010111000100010?
-1101010110111001101
In base 3, what is 1010220202 + -100201210?
210011222
In base 4, what is 231020 + 22012121?
22303201
In base 14, what is -2 - -359756?
359754
In base 15, what is -98b79647 - 2?
-98b79649
In base 3, what is -20021211 - 110021111?
-200120022
In base 7, what is 1412 - -3400644?
3402356
In base 12, what is 195 + 8aa7?
9080
In base 2, what is 1 - -1010100000110110101011001?
1010100000110110101011010
In base 4, what is 1001 + -131030330?
-131023323
In base 8, what is 203613664 + 3?
203613667
In base 14, what is -3d0 + -78cb6?
-792a6
In base 2, what is -10011000 + -10110101?
-101001101
In base 6, what is 23030 + -5102?
13524
In base 15, what is 34 + 85474e?
854783
In base 4, what is -233010 + -1012123?
-1311133
In base 11, what is 61a - -9522?
a041
In base 2, what is 10000001111101010 - 10100111?
10000001101000011
In base 6, what is 144 + 3251333?
3251521
In base 15, what is -53e3 - 294e?
-7d42
In base 10, what is 93042 - -691?
93733
In base 6, what is 2350 + 243511?
250301
In base 15, what is 64 - -36e8c?
37001
In base 13, what is 135c07b1 - 2?
135c07ac
In base 6, what is 5 + -202115005?
-202115000
In base 12, what is -a + 41b04a4?
41b0496
In base 8, what is 53312062 + 12?
53312074
In base 16, what is -122f2 + -18e3?
-13bd5
In base 6, what is -1 + 311253300?
311253255
In base 16, what is 4d3 + -470fd?
-46c2a
In base 16, what is -5 - 20c8d0?
-20c8d5
In base 12, what is 2bb - -40739?
40a38
In base 11, what is -497 + -48787?
-49173
In base 15, what is -1293677 - -13?
-1293664
In base 15, what is -89e003 + -69?
-89e06c
In base 3, what is 121 + 1100222110122111?
1100222110200002
In base 13, what is -b1b64 - 41?
-b1ba5
In base 12, what is 2b5 - 157a6?
-154b1
In base 3, what is 2212120 + -1001110102?
-221120212
In base 12, what is 78b1 - 1507?
63a6
In base 9, what is -102116 - 5512?
-107628
In base 7, what is -20165635234 - 3?
-20165635240
In base 2, what is 10110111 - 10010111001100110100?
-10010111001001111101
In base 16, what is 0 + 650c1?
650c1
In base 5, what is -41 - -114001411?
114001320
In base 13, what is 6b8 + 81bcb?
825b6
In base 4, what is -1000011022201 + 10?
-1000011022131
In base 10, what is 3 + -69767715?
-69767712
In base 8, what is 3 - 40211160?
-40211155
In base 8, what is -3213275 - 112?
-3213407
In base 11, what is 1271691 + 10?
12716a1
In base 12, what is -12 + 49a7224?
49a7212
In base 5, what is 10201341334 - -1?
10201341340
In base 4, what is -100213033 + -3?
-100213102
In base 13, what is 3 + -7310210?
-731020a
In base 10, what is -3 + -59718346?
-59718349
In base 9, what is 11766330 + -28?
11766301
In base 4, what is 202301223 + 3211?
202311100
In base 8, what is 10 + -13742632?
-13742622
In base 10, what is 43 - 12767394?
-12767351
In base 4, what is 133101201 - 1?
133101200
In base 14, what is 0 + -41391da?
-41391da
In base 13, what is 2ab0911b6 + 5?
2ab0911bb
In base 13, what is 0 + -7081513?
-7081513
In base 3, what is -11010 + 122120222010?
122120211000
In base 11, what is -11a4a - 3879?
-15818
In base 10, what is 31508298 + 5?
31508303
In base 13, what is -46c104 + 0?
-46c104
In base 11, what is -14357988 + 9?
-1435797a
In base 13, what is 7916 - -2c6?
7c0c
In base 11, what is -46493 - 8633?
-54016
In base 11, what is -8 + 2a6880a?
2a68802
In base 9, what is 76824 + -711?
76113
In base 6, what is 231301344 + 10?
231301354
In base 16, what is -7b9326 + 3?
-7b9323
In base 12, what is 7bb74 - -2a?
7bba2
In base 3, what is -1112112112211002 + 10?
-1112112112210222
In base 14, what is -6c22 - -d512?
66d0
In base 5, what is 412334 + -123013?
234321
In base 5, what is -22131201 - 120?
-22131321
In base 9, what is 122511 + -366?
122134
In base 8, what is -106044175 - 2?
-106044177
In base 6, what is -12413021410 - 5?
-12413021415
In base 9, what is -1252 + 3607?
2345
In base 4, what is -31 + -11331120?
-11331211
In base 4, what is -123103 - 2020103?
-2203212
In base 3, what is -1000021220022 + 110011?
-1000021110011
In base 3, what is -12 + -12202201010112020?
-12202201010112102
In base 9, what is 168578 - 11043?
157535
In base 15, what is -2cd8 + 171e?
-15b9
In base 4, what is -13212120 - -31112?
-13121002
In base 11, what is 90276 - -4?
9027a
In base 10, what is 6 - -22243645?
22243651
In base 3, what is 2100101201201 - -111020?
2100102012221
In base 16, what is 40e + 17b?
589
In base 6, what is 115 - -101045440?
101045555
In base 5, what is -103 - -312111211?
312111103
In base 15, what is -1c19e6 - 197?
-1c1b8d
In base 14, what is -c3 - -3651a3?
3650c0
In base 9, what is -18 + -561755?
-561774
In base 4, what is -10 + -20113103112?
-20113103122
In base 9, what is 14 + -44584102?
-44584077
In base 15, what is 125218 - -14?
12522c
In base 9, what is -4 + 3573276?
3573272
In base 8, what is 360 + 2214657?
2215237
In base 4, what is -3210 + 10331312311?
10331303101
In base 4, what is 32211210100 + 120?
32211210220
In base 11, what is -3 + 1995aa0?
1995a98
In base 16, what is -706f3 - -9?
-706ea
In base 14, what is -3 + -43b3481?
-43b3484
In base 7, what is 242 + -1256123?
-1255551
In base 4, what is -32113 - 1110110230?
-1110203003
In base 3, what is -212001 - 10011212210?
-10012201211
In base 10, what is 211342 + 198?
211540
In base 12, what is -47 - 10978b5?
-1097940
In base 8, what is 123074553 + -3?
123074550
In base 9, what is -1743 + 2112?
258
In base 10, what is 79 + -102936?
-102857
In base 7, what is -4 - -214040134?
214040130
In base 7, what is -620030462 + 15?
-620030444
In base 8, what is -12 - -64556346?
64556334
In base 15, what is -e + a0c647?
a0c638
In base 13, what is 58732 + 4?
58736
In base 14, what is 37a42a + -3?
37a427
In base 9, what is -2 - -33727247?
33727245
In base 10, what is 2672455 + -2?
2672453
In base 5, what is 422003431 + -120?
422003311
In base 3, what is -10 + -1221200202001?
-1221200202011
In base 6, what is 2 - 41153501210?
-41153501204
In base 16, what is -cf1 + -2d6d9?
-2e3ca
In base 12, what is 0 + 602a38?
602a38
In base 7, what is -352133 - -632?
-351201
In base 16, what is -2f4 + 12767?
12473
In base 13, what is 8 + -937b8b3?
-937b8a8
In base 10, what is -2 - 88684?
-88686
In base 15, what is 5 + -1e7cb9?
-1e7cb4
In base 4, what is 23201 + -2331311223?
-2331222022
In base 12, what is 4679333 + 4?
4679337
In base 5, what is 44 - -31111143?
31111242
In base 7, what is -30 - 1512540?
-1512600
In base 9, what is -40366044 - -10?
-40366034
In base 4, what is 3221 + -222131010?
-222121123
In base 8, what is 746374376 - 3?
746374373
In base 4, what is -12112 + -221310033?
-221322211
In base 5, what is -3204 - -1102211?
1044002
In base 16, what is -10b1 - 6aea?
-7b9b
In base 6, what is -42241155 - 100?
-42241255
In base 4, what is 100020 + 222322132?
223022212
In base 9, what is 3 - 650363251?
-650363247
In base 8, what is 422701 - -75?
422776
In base 2, what is 100 + 100110110111011010?
100110110111011110
In base 13, what is 4 + -26238?
-26234
In base 6, what is -241 - -3202223?
3201542
In base 16, what is -2db406 + 3d?
-2db3c9
In base 3, what is -10 - -22012021111011?
22012021111001
In base 8, what is 35403 + 2366?
37771
In base 5, what is 431221304 + -214?
431221040
In base 10, what is -92700 - 73?
-92773
In base 3, what is -2002020221221122 - 22?
-2002020221221221
In base 3, what is 1102201100112 + -12?
1102201100100
In base 4, what is 311 - -302023310?
302030221
In base 11, what is 4 + 6058994?
6058998
In base 7, what is 313335200 - 33?
313335134
In base 13, what is -a0601 - 7c?
-a0680
In base 10, what is -19 + -884880?
-884899
In base 6, what is 12 + 22453213?
22453225
In base 4, what is 121031012 - 322?
121030030
In base 10, what is -636519 + -3